t g(w) = -w**3 + 164*w**2 + 1348*w + 6419. Determine g(172).
1603
Let r(f) = 3*f**2 - 389*f + 125. Determine r(128).
-515
Let d(m) = m**3 + 17*m**2 - 127*m - 1940. Calculate d(-15).
415
Let j(b) = 2*b**2 + 495*b + 12234. Calculate j(-219).
-249
Let w(h) = -22*h**3 + 9717*h**2 - 25902*h + 435. What is w(439)?
-4
Let n(t) = -t**3 - 49*t**2 - 615*t - 227. Calculate n(-24).
133
Let a(x) = x**2 - 1495*x + 551559. Give a(832).
-57
Let y(b) = 132*b**2 - 325*b - 49. Determine y(3).
164
Let a(s) = -1162*s**2 - 104574*s + 548. Calculate a(-90).
8
Let n(r) = -730*r + 2639. What is n(3)?
449
Let q(s) = s**2 + 64*s + 1147. Give q(-21).
244
Let k(y) = 358*y - 5714. Give k(16).
14
Let k(j) = -j**2 + 74667*j + 522709. Give k(-7).
-9
Let z(b) = b**3 - 32*b**2 + 162*b - 4059. Calculate z(31).
2
Let b(q) = -q**3 + 146*q**2 + 4081*q - 213. Calculate b(170).
-43
Let q(z) = 8*z**3 + 247*z**2 - 108*z - 2384. Determine q(-31).
3
Let n(z) = -2*z**3 - 328*z**2 + 1073*z + 11848. What is n(-167)?
-9
Let u(y) = 4*y**3 - 15*y**2 + 80*y - 225. Give u(5).
300
Let z(u) = -16*u**2 - 528*u + 3463. What is z(6)?
-281
Let z(l) = -7*l**3 + 708*l**2 - 96*l - 509. Determine z(101).
-4
Let h(z) = 7*z**2 - 82*z + 1773. What is h(0)?
1773
Let x(n) = 36*n**2 - 95*n + 662. Calculate x(6).
1388
Let h(g) = 18445*g - 128175. Determine h(7).
940
Let u(c) = -2*c**3 + 102*c**2 + 3585*c - 359. What is u(-24)?
1
Let g(b) = 10*b**2 + 3372*b + 264520. Give g(-213).
-26
Let a(x) = -3*x**3 - 94*x**2 - 40*x - 304. Calculate a(-31).
-25
Let z(g) = 4*g**3 + 3296*g**2 - 3311*g - 9079. Determine z(-825).
-4
Let s(r) = r**3 - 12*r**2 - 553*r + 2942. Give s(-21).
2
Let r(c) = -15406*c + 46178. What is r(3)?
-40
Let c(a) = 29*a**3 - 59*a**2 + 32*a - 143. Give c(4).
897
Let o(j) = -10*j**2 - 31790*j - 316924. Determine o(-10).
-24
Let x(m) = 6343*m - 234689. Determine x(37).
2
Let x(h) = 446*h**2 - 18*h + 4. Determine x(1).
432
Let l(g) = -1632*g + 1625. Give l(2).
-1639
Let v(b) = b**3 - 1437*b**2 + 4*b - 28. What is v(0)?
-28
Let h(t) = -t**2 - 84577*t + 507507. Determine h(6).
9
Let j(d) = -d**3 + 24*d**2 - 139*d + 2103. Determine j(22).
13
Let j(q) = 2*q**3 - 19*q**2 - 102*q + 18. Calculate j(-5).
-197
Let l(b) = -141*b**2 + 8599*b + 245. Determine l(61).
123
Let a(g) = g**3 + 760*g**2 - 1233*g + 221743. Determine a(-762).
1
Let n(v) = -v**2 - 1683*v - 103582. Determine n(-64).
34
Let u(j) = -j**3 + 1536*j**2 + 572260*j + 1. Calculate u(-310).
1
Let o(u) = 2*u**2 - 225*u + 565. Calculate o(0).
565
Let i(q) = 125023*q - 2500472. What is i(20)?
-12
Let s(g) = g**3 - 84*g**2 + 1547*g + 2960. What is s(31)?
-16
Let x(b) = -3*b**2 + 6*b + 484. Give x(-11).
55
Let t(h) = 54*h**3 + 4805*h**2 - 91*h - 157. Calculate t(-89).
21
Let x(p) = -2*p**3 + 64*p**2 + 1478*p + 2778. What is x(48)?
-6
Let p(l) = l**2 - 2111*l + 816517. Give p(510).
7
Let c(y) = 60031*y - 19750200. What is c(329)?
-1
Let j(g) = -14*g**2 + 8*g + 297. Determine j(5).
-13
Let u(y) = -y**3 - 84*y**2 - 78*y + 584. Calculate u(-83).
169
Let s(x) = 10*x**3 - 66*x**2 - 560*x + 3766. Give s(7).
42
Let s(z) = -217*z**3 - 1800*z**2 - 508*z + 35. What is s(-8)?
3
Let j(c) = 232*c**2 - 3*c + 2. What is j(2)?
924
Let o(z) = -145*z + 15580. Determine o(112).
-660
Let y(z) = z**3 - 22*z**2 + 70*z - 23. Determine y(10).
-523
Let s(h) = 371*h**2 - 2229*h + 8. Determine s(6).
-10
Let c(p) = 152*p + 8246. Determine c(-54).
38
Let j(t) = 3*t**3 - 155*t**2 + 654*t + 122. Determine j(47).
-66
Let k(o) = o**2 - 39157*o - 313317. Determine k(-8).
3
Let y(n) = 209*n**2 - 205*n + 12. Determine y(1).
16
Let s(k) = 10*k**2 - 12991*k - 12990. Give s(-1).
11
Let s(c) = 42*c**2 + 681*c + 128. Calculate s(-16).
-16
Let p(o) = -32*o + 351. Give p(-22).
1055
Let i(d) = -3222*d - 66405. What is i(-21)?
1257
Let b(y) = 9*y**3 - 260*y**2 - 14*y - 545. Calculate b(29).
-110
Let o(x) = -x**3 + 57*x**2 - 200*x - 1099. What is o(53)?
-463
Let j(m) = 1173*m - 51600. What is j(44)?
12
Let f(t) = -t**3 + 2*t**2 + 22*t + 98. Give f(7).
7
Let v(m) = 808*m**3 + 8*m**2 + 21*m - 28. What is v(1)?
809
Let y(c) = -c**3 - 27*c**2 + 297*c + 138. What is y(-35)?
-457
Let x(z) = 985*z - 187244. Determine x(190).
-94
Let m(w) = -w**3 + 36*w**2 + 25*w + 220. Give m(26).
7630
Let g(v) = 2797*v - 355201. Determine g(127).
18
Let n(f) = 194*f**2 + 6*f - 200. Determine n(1).
0
Let u(o) = -1284*o + 6304. Determine u(5).
-116
Let s(f) = 6*f**2 - 1227*f + 34773. Determine s(34).
-9
Let j(t) = -665*t + 159165. Calculate j(240).
-435
Let k(p) = 31*p**3 + 152*p**2 - 18. Determine k(-7).
-3203
Let p(c) = 87286*c - 1483707. What is p(17)?
155
Let r(z) = -z**3 + 71*z**2 + 21*z + 3643. Give r(72).
-29
Let n(y) = -y**3 + 3531*y**2 + 10598*y - 3. Give n(-3).
9
Let w(z) = -2*z**3 + 1489*z**2 - 11745*z - 317. Determine w(8).
-5
Let m(h) = 19*h + 1494. Give m(-76).
50
Let d(b) = -2*b**3 - 39*b**2 + 52*b - 1223. Determine d(-23).
1284
Let t(r) = -r**3 + 15*r**2 - 344*r + 7017. Give t(19).
-963
Let y(q) = 170*q**2 - 88873*q - 19357. Determine y(523).
-6
Let m(c) = 36*c**2 - 6699*c + 8. Calculate m(186).
-550
Let u(k) = 2*k**3 + 224*k**2 - 3314*k - 8014. Give u(-125).
-14
Let a(w) = 44*w**2 - 430*w - 75. What is a(11)?
519
Let q(j) = 3514*j - 17614. What is q(5)?
-44
Let y(b) = -b**2 - 23*b + 5201. Give y(-81).
503
Let h(n) = -71805*n - 359058. Give h(-5).
-33
Let r(y) = -1043*y**2 - 28*y + 761. What is r(0)?
761
Let y(k) = -7*k**2 + 1290*k + 941. Calculate y(185).
16
Let m(f) = -3209*f - 12864. Calculate m(-4).
-28
Let v(i) = 409*i - 127183. Give v(311).
16
Let w(d) = 49*d**3 + 1468*d**2 - 62*d - 54. Give w(-30).
6
Let z(l) = 30*l**2 - 2701*l + 2755. What is z(89)?
-4
Let r(p) = -71*p**2 + 459*p + 2807. What is r(-6)?
-2503
Let u(f) = -323*f**3 + 32*f**2 + 5*f + 15. Give u(-2).
2717
Let a(i) = -4209*i + 236095. Give a(56).
391
Let b(x) = -6*x**2 + 519*x + 9497. Calculate b(102).
11
Let f(c) = -8*c**2 + 116*c + 2704. Calculate f(27).
4
Let q(o) = -5*o**3 - 62*o**2 - 22*o - 820. Determine q(-13).
-27
Let m(w) = -3*w**2 + 5302*w - 341776. What is m(67)?
-9
Let o(a) = 2*a**3 - 93*a**2 + 84*a - 108. What is o(46)?
1640
Let o(b) = -b**3 + 3*b**2 - 932*b - 4701. What is o(-5)?
159
Let j(y) = 56*y**2 - 76*y + 99. Calculate j(-8).
4291
Let l(h) = h**3 + 61*h**2 + 820*h - 46. Give l(-20).
-46
Let u(l) = 4*l**2 + 257*l + 3675. Determine u(-21).
42
Let v(z) = -311*z - 8963. Calculate v(-29).
56
Let z(v) = 4*v**3 - 1564*v**2 + 190*v - 74303. What is z(391)?
-13
Let m(y) = 69*y**2 - 278*y + 9. Calculate m(4).
1
Let o(u) = u**2 + 26048*u - 3613661. Give o(138).
7
Let k(x) = -148*x**2 + 3648*x - 282. Calculate k(25).
-1582
Let x(s) = 217175*s - 95339818. What is x(439)?
7
Let x(f) = f**3 + 14*f**2 + 444*f + 4485. What is x(-11)?
-36
Let u(i) = -1052*i + 117825. Give u(112).
1
Let h(r) = r**2 - 11177*r + 278656. Calculate h(25).
-144
Let g(z) = z**3 + 38*z**2 - 7554*z + 83467. What is g(12)?
19
Let a(n) = -n**3 - 175*n**2 - 434*n - 107301. Give a(-176).
59
Let x(a) = 250*a - 35251. Calculate x(141).
-1
Let y(r) = 207*r**2 + 5448*r + 10900. Determine y(-2).
832
Let w(c) = -1430*c**2 - 140*c + 139. What is w(1)?
-1431
Let q(u) = 2*u**3 + 86*u**2 + 854*u - 130. What is q(-16)?
30
Let u(i) = i**3 + 16*i**2 + 455*i + 5467. Give u(-13).
59
Let z(y) = 14*y**2 + 50*y + 149. Determine z(-9).
833
Let r(h) = h**2 - 62*h - 905. Determine r(-12).
-17
Let u(z) = -714*z + 58541. What is u(82)?
-7
Let r(p) = p**3 + 30*p**2 - 987*p - 2726. Give r(-49).
18
Let v(x) = -19*x**2 + 7348*x + 7349. Determine v(-1).
-18
Let l(t) = t**3 - 45*t**2 - 285*t + 12830. Calculate l(45).
5
Let l(n) = -2*n**2 - 8440*n + 315023. Determine l(37).
5
Let m(v) = -8951*v + 187986. Determine m(21).
15
Let v(t) = -281237*t + 5624724. What is v(20)?
-16
Let q(h) = 3*h**3 - 126*h**2 + 70*h - 8641. Give q(43).
-84
Let b(f) = f**3 + 1159*f**2 + 116*f + 134458. Calculate b(-1159).
14
Let r(m) = 532*m - 57435. Determine r(108).
21
Let l(x) = 677*x - 4083. Give l(4).
-1375
Let w(y) = 3*y**2 - 146*y + 1823. What is w(57)?
3248
Let h(r) = -r**3 - 8*r**2 + 73*r - 798. What is h(-13)?
-902
Let p(y) = 17*y**2 - 95*y + 3. Give p(3).
-129
Let j(w) = -w**3 - 287*w**2 - 2231*w + 196. Determine j(-279).
-83
Let a(h) = 49*h**2 - 2818*h - 1388. Give a(58).
4
Let i(b) = 114176*b - 4795379. Wh